+ 317*d**2 - 9616*d - 197. Determine s(34).
7
Let t(q) = q**3 - 35*q**2 + 402*q - 4953. Give t(27).
69
Let x(z) = -2356*z + 263869. Calculate x(112).
-3
Let i(x) = -35650*x + 71318. Determine i(2).
18
Let g(b) = -9*b**2 + 190*b - 9. Give g(15).
816
Let l(m) = 3887*m + 248810. Determine l(-64).
42
Let b(q) = 2*q - 2284. Give b(112).
-2060
Let d(x) = 37*x**2 + 356*x - 93. Calculate d(-10).
47
Let z(m) = -m**3 - 147*m**2 - 4550*m + 7045. Calculate z(-47).
-5
Let d(h) = 3*h**3 - 3*h**2 - 7*h - 7. Give d(-3).
-94
Let t(z) = -562*z + 2177. Give t(6).
-1195
Let s(n) = -3380*n - 638830. Determine s(-189).
-10
Let f(g) = 207*g + 3443. Determine f(-17).
-76
Let y(h) = -12*h**2 + 8504*h + 42505. Determine y(-5).
-315
Let b(x) = 1298*x + 49. Determine b(0).
49
Let f(d) = d**2 + 4985*d + 636005. Calculate f(-131).
131
Let w(m) = -5*m**2 - 2609*m - 93790. Determine w(-483).
-88
Let t(c) = c**2 - 45*c - 609. Determine t(-11).
7
Let g(x) = -40337*x - 12948168. What is g(-321)?
9
Let d(j) = 3665*j + 22194. Give d(-6).
204
Let a(v) = -41*v**2 - 11168*v + 45339. What is a(4)?
11
Let d(l) = -27*l**2 + 2695*l + 507. Determine d(100).
7
Let w(x) = -82197*x + 904200. Give w(11).
33
Let j(k) = -22*k**2 + 56*k + 179. Give j(-3).
-187
Let u(c) = 55*c - 6282. Determine u(121).
373
Let c(m) = -m**2 - 84*m - 802. Determine c(-10).
-62
Let a(k) = -k**2 + 239*k + 15800. What is a(-53)?
324
Let l(t) = t**3 - 111*t**2 - 3046*t - 4655. What is l(134)?
169
Let y(k) = k**2 + 16257*k + 421998. What is y(-26)?
-8
Let o(y) = y**3 + 13*y**2 - 226*y - 2860. Calculate o(-12).
-4
Let y(v) = 6*v**3 - 2638*v**2 + 262352*v - 18. What is y(152)?
-18
Let a(z) = z**3 + 167*z**2 - 1214*z + 939. What is a(-174)?
243
Let n(j) = -j**2 + 1399*j - 127509. What is n(98)?
-11
Let s(c) = c**3 - 294*c**2 + 3772*c + 2066. Calculate s(14).
-6
Let h(s) = 9860*s + 3027018. What is h(-307)?
-2
Let b(z) = 2*z**2 + 224*z - 4440. Calculate b(-129).
-54
Let k(s) = -s**2 - 3134*s - 28123. Determine k(-9).
2
Let k(z) = -2068*z - 2820753. Give k(-1364).
-1
Let c(m) = 4*m**3 - 691*m**2 + 516*m - 485. Give c(172).
-485
Let j(f) = 59335*f + 59330. Determine j(-1).
-5
Let o(r) = 105954*r - 4556044. Calculate o(43).
-22
Let w(d) = -153783*d - 154287. What is w(-1)?
-504
Let o(t) = 3*t**2 + 319*t - 2443. Calculate o(8).
301
Let h(i) = -2667*i + 5325. Determine h(3).
-2676
Let s(a) = -864*a**2 + 3389*a + 258. Calculate s(4).
-10
Let o(w) = -57*w**3 + 140*w**2 - 3*w - 10. Give o(3).
-298
Let b(w) = -6*w**2 + 2134*w + 111758. Calculate b(402).
2
Let x(f) = -1188*f**3 - 24*f**2 - 96*f + 119. Determine x(1).
-1189
Let k(r) = -82667*r - 330733. Determine k(-4).
-65
Let z(p) = -4825*p + 212950. Determine z(44).
650
Let s(g) = g**2 + 5675*g - 320909. Determine s(56).
27
Let t(u) = 8*u**3 + 127*u**2 - 10*u - 80. Give t(-16).
-176
Let j(s) = 6402*s + 63970. Give j(-10).
-50
Let w(n) = -n**3 + 27*n**2 - 405*n + 8052. Calculate w(24).
60
Let o(i) = -179*i**2 + 835*i - 120. What is o(7)?
-3046
Let g(a) = 54*a**3 + 2541*a**2 + 150*a + 439. Determine g(-47).
16
Let v(r) = -2*r**2 - 472*r - 3210. Calculate v(-7).
-4
Let v(r) = r**2 + 120*r + 3350. Calculate v(-38).
234
Let p(w) = 6961*w - 12086. Determine p(2).
1836
Let i(r) = -29003*r - 174015. Calculate i(-6).
3
Let r(k) = -34*k**2 + 2874*k + 1440. What is r(85)?
80
Let g(y) = y**3 - 195*y**2 - 12852*y - 426. What is g(-52)?
-10
Let k(w) = -267*w**2 - 1276*w - 188. Give k(-4).
644
Let w(j) = 4*j**3 - 1205*j**2 + 5049*j + 10. Give w(297).
10
Let a(u) = 635*u - 27253. Determine a(43).
52
Let f(b) = b**3 + 6*b**2 + 523*b + 4961. Give f(-9).
11
Let h(p) = -1710*p - 1220907. Determine h(-714).
33
Let b(t) = 12265*t + 2551099. Give b(-208).
-21
Let i(h) = -85*h**2 + 103*h - 20. What is i(3)?
-476
Let l(z) = 196*z + 5871. Give l(-30).
-9
Let p(i) = -i**3 + 244*i**2 - 444*i - 9795. What is p(242)?
-115
Let f(d) = -4541*d - 4549. What is f(-1)?
-8
Let y(s) = 3*s**2 - 66*s + 215. Calculate y(20).
95
Let g(d) = -2*d**3 + 45*d**2 - 244*d - 38. Determine g(9).
-47
Let r(l) = 2*l**2 - 1117*l + 41489. What is r(40)?
9
Let l(o) = o**2 - 1159*o + 270544. Determine l(324).
4
Let t(c) = 6*c**2 + 1617*c + 5611. Determine t(-266).
25
Let l(b) = -7*b**3 + 76*b**2 + 81*b + 206. What is l(12)?
26
Let h(p) = p**3 + 400*p**2 + 544*p - 100260. Determine h(-398).
36
Let f(h) = -12*h**2 + 783*h + 37032. Calculate f(97).
75
Let n(t) = -t**2 + 20409*t + 2257047. Give n(-110).
-43
Let y(p) = 7*p**3 + 196*p**2 - 209*p - 53. Give y(-29).
121
Let d(z) = -105*z**2 - 369*z + 178289. Determine d(-43).
11
Let d(z) = -z**2 - 3424*z + 930278. Give d(253).
-3
Let v(c) = -1035*c**2 - 2997*c - 15. Give v(-2).
1839
Let t(h) = -1252*h + 17701. What is t(14)?
173
Let d(l) = 1996*l - 65858. What is d(33)?
10
Let p(w) = 38*w**3 + 345*w**2 + 22*w + 4. What is p(-9)?
49
Let w(i) = 2*i**3 - 131*i**2 + 666*i - 7151. Calculate w(61).
-14
Let b(s) = 239*s - 4122. Determine b(18).
180
Let b(d) = 512*d**2 - 1147*d - 6. Calculate b(2).
-252
Let r(b) = -880*b**2 + 26*b + 55. Determine r(-2).
-3517
Let b(h) = -6*h**3 - 146*h**2 - 27*h + 82. Calculate b(-24).
-422
Let j(l) = l**2 - 3072*l - 21548. Determine j(-7).
5
Let j(r) = 37*r**2 + 665*r - 58. Give j(-20).
1442
Let y(s) = 2054*s - 304061. What is y(148)?
-69
Let n(x) = -3*x**2 - 180*x + 4787. Determine n(-92).
-4045
Let q(v) = -56106*v - 280536. Calculate q(-5).
-6
Let w(t) = 1134*t + 96401. What is w(-85)?
11
Let d(j) = -j**3 + 3*j**2 - 862*j + 3359. Calculate d(4).
-105
Let z(t) = 11*t**3 - 98*t**2 - 18*t + 257. Calculate z(9).
176
Let w(n) = n**3 + 48*n**2 + 319*n + 55. Calculate w(-40).
95
Let y(c) = c**2 + 1532*c - 13874. Calculate y(9).
-5
Let o(g) = -42*g + 3256. What is o(103)?
-1070
Let c(t) = -18*t**2 + 249*t - 700. Calculate c(11).
-139
Let t(v) = 1444*v**2 + 296020*v + 1. Give t(-205).
1
Let h(k) = -16*k**3 - 88*k**2 - 320*k - 7. Calculate h(-5).
1393
Let d(y) = 7*y**2 - 12826*y + 141255. Calculate d(11).
1016
Let y(h) = -59717*h - 119100. What is y(-2)?
334
Let b(a) = 19*a**2 + 1875*a - 13085. Determine b(7).
971
Let v(o) = 7*o**2 - 60*o - 651. Calculate v(-9).
456
Let b(i) = -38*i**2 - 2659*i - 318. Give b(-67).
7253
Let x(b) = -247*b**2 - 347*b + 1380. Determine x(4).
-3960
Let w(t) = -5*t**2 - 2230*t - 11095. What is w(-5)?
-70
Let v(m) = m**3 + 249*m**2 - 1156*m - 36430. Give v(-253).
2
Let q(l) = -55*l**2 + 9393*l + 21114. Calculate q(173).
8
Let x(u) = 9*u**3 - 785*u**2 + 164*u + 1126. Determine x(87).
256
Let b(p) = 171*p + 10791. Determine b(-70).
-1179
Let x(k) = -k**3 - 12*k**2 + 348*k + 2195. What is x(-6)?
-109
Let u(p) = 10*p**2 + 365*p - 1637. Give u(4).
-17
Let a(k) = 28*k**3 + 140*k**2 + 191*k + 902. Determine a(-5).
-53
Let b(w) = w**3 + 10*w**2 + 75*w + 516. Determine b(-7).
138
Let g(m) = 11*m + 1973. What is g(-140)?
433
Let b(w) = -11*w**2 + 1011*w + 845622. Calculate b(327).
0
Let o(w) = 34641*w - 796749. What is o(23)?
-6
Let u(b) = 8*b**3 - 383*b**2 - 365*b + 15236. Determine u(48).
20
Let r(v) = -3*v**3 + 76*v**2 - 162*v + 5570. What is r(26)?
6
Let m(o) = 3*o**3 + 1293*o**2 - 3915*o - 3899. Calculate m(-434).
7
Let u(l) = -1358*l - 389729. Calculate u(-287).
17
Let c(y) = -318086*y - 13359604. Calculate c(-42).
8
Let u(c) = -10880*c + 54387. What is u(5)?
-13
Let u(h) = -3630*h + 18126. What is u(5)?
-24
Let n(y) = y**2 - 6*y + 161. Give n(-11).
348
Let j(r) = -6*r**2 + 74*r - 50. Give j(10).
90
Let o(a) = -a**3 + 10*a**2 + 1396*a - 20803. Calculate o(16).
-3
Let t(w) = -922*w + 2691. Give t(3).
-75
Let b(p) = -7*p**2 + 2700*p - 8034. Determine b(3).
3
Let j(b) = 106*b - 3776. Calculate j(62).
2796
Let z(a) = -2*a**2 + 10657*a - 4. Calculate z(0).
-4
Let y(f) = 3*f**2 - 1045*f - 19711. What is y(366)?
-313
Let z(a) = -120*a + 42202. Calculate z(341).
1282
Let t(u) = -u**3 + 15*u**2 - 12135*u + 157439. What is t(13)?
22
Let x(v) = -22*v**3 - 34*v**2 - 5*v + 2. Determine x(-4).
886
Let v(j) = -2*j**3 + 908*j**2 + 9289*j + 82. Calculate v(-10).
-8
Let t(l) = -81*l**2 - 19*l + 50. What is t(4)?
-1322
Let a(s) = 3*s**3 - 21*s**2 - 448*s - 1026. What is a(-8)?
-322
Let h(s) = -17209*s + 189317. Give h(11).
18
Let b(j) = -3160409*j + 34764492. Give b(11).
-7
Let d(a) = -a**3 - 109*a**2 - 1083*a - 2786. Determine d(-6).
4
Let t(s) = -17065*s + 546027. 